. Suppose 5*b = -4*z + 35 + 22, -s*b = 2*z - 42. Give r(b).
6
Let r(u) = u**2 + 395*u - 396*u - 3 + 2. Let o = 6 - 3. Suppose 4*d + 19 = -3*i, -o*i - d - 9 = 2*i. Determine r(i).
1
Let u be (-3)/(3/4) - -5. Suppose 3*l + 19 = 3*g - l, -l = u. Let t = g - -1. Let w(r) = 2*r - 7. Determine w(t).
5
Let h(k) = -k + 4 + 1 + k**2 - 4. Let x be h(2). Let c(j) = j**3 - 1 + 4*j**2 + 0*j**2 + j - 8*j**2. What is c(x)?
-7
Let j(f) = f**2 - 3. Let t = 13 + -9. Suppose t*u - 12 = -0*u. Calculate j(u).
6
Let c be (12/(-18))/(2/(-15)). Let r(b) be the second derivative of -5/2*b**2 - 5/12*b**4 + 1/20*b**c - b**3 - 6*b + 0. What is r(6)?
-5
Let p(m) = 2*m - 2. Suppose -3*t = -9, -50 = -k - 4*k - 5*t. What is p(k)?
12
Let h(c) be the second derivative of c**3/6 - 3*c**2/2 + 103*c. Suppose -5*d - 4 = -24. Give h(d).
1
Let x(f) = -f**2 + 9*f + 8. Let k be x(11). Let o = k - -55. Let z(r) = 21 - o - r**3 + 4*r**2 + 21. What is z(4)?
1
Let m(x) = -3*x**2 + 4*x + 1. Let n(t) = 7*t**2 - 7*t - 2. Let i(a) = -9*m(a) - 4*n(a). Let u be ((-40)/(-50))/((3/(-10))/3). Determine i(u).
-1
Let r(a) = a - 6. Let t be r(9). Let c be 1/(t + 16/(-6)). Suppose j = 2 - c. Let g(k) = k**2 + k. What is g(j)?
0
Let u(s) = s - 11. Let q(r) be the third derivative of 0*r - 2*r**2 + 13/2*r**3 - 1/8*r**4 + 0. Let a(p) = -5*q(p) - 18*u(p). Give a(2).
-3
Let z(r) = -1 - r**2 + 10*r**2 - 10*r**2 - 6*r. What is z(-6)?
-1
Suppose 0*s + 3*s + 2*n = 0, 0 = s - 4*n - 14. Let i(z) = -2*z. Let t(p) = 8*p. Let x(m) = s*t(m) + 9*i(m). Let q(r) = r + 5. Let d be q(-7). What is x(d)?
4
Suppose -4*z = z. Suppose 2*p - 4*y = -z*p + 22, 5*y = -20. Let q(c) = 30*c - 4 - c**2 + 32*c - 60*c. Give q(p).
-7
Let t = -15 - -23. Let v(y) = -y + 10. Let d be v(t). Suppose -d*o + 13 = 3. Let x(j) = -j**2 + 5*j + 2. Calculate x(o).
2
Let h(l) = l**2 + 8*l + 8. Suppose -73 = -4*k + 3*k. Let u = 66 - k. Determine h(u).
1
Let i(y) = -11*y - 2. Let r(k) = 58*k + 10. Let z(s) = 16*i(s) + 3*r(s). Give z(10).
-22
Let m(z) be the first derivative of z**3/3 - 3*z**2/2 + z - 1. Suppose 13 + 8 = 7*u. Suppose -1 + 7 = u*s. What is m(s)?
-1
Let t be (5/(-2))/(4 - 45/10). Let f(p) = p**3 - 9*p - 7. Let b(i) = -i**3 + i**2 + 8*i + 6. Let a(r) = -4*b(r) - 3*f(r). What is a(t)?
-3
Let h(w) = -2*w - 5 + 3*w**2 + 3 - 2*w**2 - 4. What is h(5)?
9
Let a(d) = -3*d**2 - 2*d. Suppose -z + 2*r + 0 = -6, -4*r = 3*z + 22. Give a(z).
-8
Let u = 9 + -2. Let g(s) = 8*s + 9*s + 1 - 22*s + u*s. Suppose 2*k + 3*q = 2*q - 3, 3*q = 15. Give g(k).
-7
Let j(n) = -2*n + 8. Let s be 4/(-6) - 136/12. Let m be ((-4)/(-12))/(2/s). Let h(d) = -2*d + 9. Let z(u) = m*h(u) + 3*j(u). Give z(6).
-6
Suppose -2*z - 3 = -3*x + 6, -13 = -5*x + 4*z. Let f(v) = 5 + x + 0 - v**2 - v - 9. Calculate f(0).
1
Let u be ((-6)/9)/(4/(-12)). Let z(j) = -j**3 - j + 2. What is z(u)?
-8
Let h(l) = -7*l**2 - l - 9. Let x(i) = i**2 + 2*i. Let f(n) = -h(n) - 6*x(n). Calculate f(6).
-21
Let w(o) = -o**2 + 4*o + 2. Let v(q) be the second derivative of -q**3/6 - 11*q**2/2 - 6*q. Let n be v(-16). Calculate w(n).
-3
Let t(g) be the first derivative of -g**3/3 - 3*g**2/2 + 2*g + 3. Let z(o) = -o**2 + 3*o + 7. Let j be (-10)/7*28/(-8). Let f be z(j). What is t(f)?
2
Let b = -17 - -18. Let w(v) be the first derivative of 4*v**3 + v**2 - v - 17. Determine w(b).
13
Let n = -663 - -668. Let c(p) = -p**2 + 10*p + 5. What is c(n)?
30
Suppose 2*n + 2*n + 0*n = 0. Let r(p) = 2 + 4*p - p**3 + n*p**3 + 4*p + 2*p - 6*p**2. Give r(-7).
-19
Let i(f) be the third derivative of f**5/60 - 5*f**4/24 + f**3/3 - 7*f**2. Suppose -3 + 7 = -v - y, 13 = -2*v - 3*y. Let x be (v - 7/5)*-15. Give i(x).
8
Let q(u) be the third derivative of -u**6/120 - u**5/60 - u**4/24 + 2*u**3 - 30*u**2 - u. Let i = -2 - -5. Let x(s) = -s + 3. Let g be x(i). What is q(g)?
12
Let i(n) = n**3 + 6*n**2 - 2*n + 2. Let j(x) = -2*x - 1. Let y(l) = -i(l) + 2*j(l). Calculate y(-6).
8
Suppose -4*u + 14 = 2*z, -5*u + z + 4*z = 5. Suppose 0 = 5*t + 3*p - 27, -p = u*t + 2 - 13. Let r = 0 - t. Let x(c) = 2*c + 6. Calculate x(r).
-6
Let g(a) = -a**3 + 7*a**2 - a + 17. Let t be g(7). Suppose 18 = 7*r - t. Let z(q) = q**2 - 2*q - 4. Give z(r).
4
Let l(h) = -h + 52. Let f be l(56). Let a(i) be the third derivative of 0 - i**3 - 1/60*i**5 + 0*i - 1/8*i**4 + i**2. What is a(f)?
-10
Let c(i) = -i - i + 5*i**2 - 3 + i**3 - 1 - 1. Let b be (-9)/(-1 - 2) + (-13 - -5). Calculate c(b).
5
Let f(v) = -7*v + 28. Let k(q) = -q**2 - 5*q + 18. Let u be k(-7). Give f(u).
0
Suppose -5*t + 3*t = b, 4*t - 5*b = 28. Let l(m) = -2 + 2*m + 2 + 3*m**t - 8*m**3 + 9*m**3. Suppose 2*k + 16 = -2*k, -x = -2*k - 5. Determine l(x).
-6
Let c = 525 + -532. Let m(h) = 2*h**2 + 13*h - 8. Calculate m(c).
-1
Let r(h) = -h + 3. Let k(s) = -s**2 + 4*s + 6. Let o be k(6). Let v(w) = w**2 + 7*w + 12. Let a be v(o). Determine r(a).
-3
Let f(z) = -z**3 - 9*z**2 + 2*z + 13. Let w(v) = 2*v**2 + v + 5. Let c be w(-2). Suppose x = 4*x - 6, 0 = -k + x - c. Give f(k).
-5
Let v be 2/8*(27 + -7). Let y be (-1)/v*(-105)/3. Let b(q) = q**3 - 8*q**2 + 9*q - 8. Give b(y).
6
Let k = 2411 - 2404. Let m(n) = -3*n - 4. Calculate m(k).
-25
Let j(x) be the second derivative of -x**4/12 + 5*x**3/6 + 3*x**2/2 - 2*x. Let p be j(5). Suppose -5 = -2*b + p. Let r(c) = -c**2 + 3*c. Determine r(b).
-4
Let h(a) = -a - 5. Let q(n) = 5. Let g(r) = -4*h(r) - 5*q(r). Suppose 5*b - 19 - 11 = 0. Let v be ((-28)/21)/((-2)/b). Determine g(v).
11
Let m be (-6)/(-4)*((-660)/(-36) - 15). Let v(a) = a**3 - 4*a**2 - 4*a. What is v(m)?
5
Let a(c) = -35 + 61 + c**2 + 0*c + c - 34. What is a(0)?
-8
Let o(d) = -109*d**2 + 1 + 111*d**2 - 3*d + 2*d. Suppose -5*s = -3*s. Suppose s = -h + 2*h - 2*r + 10, 0 = -4*h + r - 12. Give o(h).
11
Let m(v) = v**3 - 4*v**2 - 3*v + 2. Let n = -181 - -303. Suppose s = d + 31, 4*s + d - n = 4*d. Let u = 33 - s. Calculate m(u).
-10
Suppose 19*s + 3*s = 0. Let r(j) = j + 3. What is r(s)?
3
Let n(u) = 2*u**2 - 2. Let v = 12 - 10. Let o(z) = z**3 - z**v - 3 - 6*z - 5*z**2 - 2. Let b be o(7). Calculate n(b).
6
Let r = -190 - -189. Let h(j) = 10*j**3 - j - 1. Calculate h(r).
-10
Let v(i) be the second derivative of 0 + 1/6*i**3 + 14*i + 3/2*i**2. What is v(-2)?
1
Suppose 5*m - 1 = -f - 2, 5*f + 5 = -m. Let t(l) = 1969*l**3 - 1 + m + 6*l**2 - 1970*l**3. Give t(6).
-1
Let r(o) = 6*o**2 + 11*o + 2. Let c(k) = 5*k**2 + 10*k + 2. Let h(z) = -5*c(z) + 4*r(z). Let j = -13 + 31. Suppose -3*l + 3 = j. Give h(l).
3
Let u(k) be the third derivative of k**7/840 - k**6/60 + k**5/30 - 5*k**4/24 - 23*k**3/6 + 21*k**2. Let v(o) be the first derivative of u(o). Calculate v(5).
-10
Suppose -5*b + 15 = 0, -5*d - 4*b + b - 71 = 0. Let c be 1/((-2)/(d/(-4))). Let w(h) be the first derivative of 2*h**2 - h + 12. Give w(c).
-9
Suppose -5*h + 0*h = -10. Let x(o) = 2*o + 4*o - o - o**h. Calculate x(3).
6
Let n(o) = -6*o + 2. Suppose 0 = 2*h - 2*g + 74, 2*h + 2*g = -0*g - 74. Let f = 40 + h. What is n(f)?
-16
Let a = -3 + 5. Let l = -1 + a. Let p(v) = -v + 6. Let x(f) = 1. Let g(b) = l*p(b) - 5*x(b). Determine g(7).
-6
Let b(l) = -38*l - 461. Let m be b(-12). Let t(w) = -w**2 - 5*w + 4. Give t(m).
4
Let a(m) = m - 15. Suppose 3*j + 13 = w, -j = 2*w - 6*j - 25. Determine a(w).
-5
Let t(r) be the second derivative of 0*r**2 + 1/60*r**5 + 7/12*r**4 + 0 + 2*r + 0*r**3 - 1/720*r**6. Let d(s) be the third derivative of t(s). Determine d(3).
-1
Let v(f) = 2174*f**2 - 1084*f**2 + 4*f + 8 - 1091*f**2. Calculate v(5).
3
Let y(v) = v**3 + 8*v**2 + 12*v + 7. Let m = -752 + 746. What is y(m)?
7
Let b(v) = -4*v**2 + v + 1. Suppose 5 = 3*h + 2. Let z be b(h). Let w(n) = -8*n - 2. Calculate w(z).
14
Let u(t) = t**2 - 10*t - 7. Let a be (-12)/16*-2*6. Determine u(a).
-16
Let k = 102 + -106. Let a(j) = j**3 + 3*j**2 + 6*j + 6. Give a(k).
-34
Let h(j) = -j + 1. Let w be h(-1). Suppose -5*b = w*n + 17, -18 = -3*b + 5*b - 2*n. Let l(f) = f**3 + 5*f**2 - 1. Give l(b).
-1
Let q(z) = -10*z**3 + 3*z**2 + z. Suppose 5*t - 3*d - 23 + 22 = 0, t + d = -3. Give q(t).
12
Let q(c) = c**3 + 8*c**2 - c + 2. Suppose -316*p = -318*p - 16. What is q(p)?
10
Let w = 349 + -360. Let i(v) = v**3 + 11*v**2 + 3*v. What is i(w)?
-33
Let m(o) be the first derivative of -1/3*o**3 + 4*o + 1 + 0*o**2. Determine m(-4).
-12
Let y(j) = 3*j**3 - 2*j**2 + 18*j + 13. Let w(c) = -7